Let r(s) = -s**3 + 2*s**2 - s - 1. What is the tens digit of r(-3)?
4
Suppose -2*u + 88 = -0*u. What is the tens digit of u?
4
What is the tens digit of (27/9)/(2/26)?
3
Let w(n) be the third derivative of n**6/180 + n**5/20 + n**4/8 + n**3/2 + n**2. Let o(c) be the first derivative of w(c). What is the units digit of o(-4)?
1
Let n(u) = -u - 5. Let x be n(-5). Suppose x = -o + 2*o - 11. What is the tens digit of o?
1
Let g be -9*(24/9 + -3). Suppose 7 = g*j + 1. Suppose 3*z + o = -o + 44, j*z = 5*o + 42. What is the units digit of z?
6
Suppose -3*o = 2*o - 10. Let j(w) = 4*w**o + 3*w**2 + w**3 + 2 - 3*w**2 - 6*w. What is the units digit of j(-5)?
7
Suppose -n + 179 = 2*n - 5*d, n = d + 57. What is the tens digit of n?
5
Let a = 15 - 11. Suppose u - 60 = -a*u. Suppose -7*c = -4*c - u. What is the units digit of c?
4
Let d(b) be the third derivative of 1/120*b**6 + 0 + 1/8*b**4 - 1/3*b**3 - 1/20*b**5 + 0*b + 3*b**2. What is the units digit of d(3)?
7
Let j = -35 + 69. What is the units digit of j?
4
Let r = -10 + 7. Let h = 1 - r. What is the units digit of h?
4
What is the tens digit of ((-23)/(-3))/((-249)/63 + 4)?
6
What is the units digit of 97/(1/(4/(8/2)))?
7
Suppose 0 = 4*v - 0*v + 24. Let c = -7 - v. What is the units digit of (2 - -2) + (-2)/c?
6
Suppose 8*t - 9*t = -159. What is the tens digit of t?
5
What is the tens digit of 80 + -1*(4 + -2)?
7
Let q(m) = -m**2 - m + 2. Let s be q(0). What is the units digit of (-13 + 7)*s/(-4)?
3
Suppose -2*l = 3 + 9. What is the units digit of (12/5)/(l/(-20))?
8
Suppose -4*c = b + 9, 0 = c + 2*b - 4*b. Let s = 3 + c. What is the units digit of s?
1
Suppose 5*b - 207 = -3*r + 2*b, 0 = -4*r - 5*b + 280. What is the tens digit of r?
6
Suppose -99 = -3*i - 4*n, -4*i + n = -3*i - 40. What is the units digit of i?
7
Let x(l) = -1 - 3*l + 2*l + 10*l**2 - 3*l**2. Suppose 4*d + 2*f + 2 = 0, 4*d + 0*d = 4*f - 8. What is the units digit of x(d)?
7
Let s(i) be the first derivative of i**4/4 - 2*i**3/3 + 3*i**2/2 + 1. Suppose -5*j = -4*g + 8, 5*g - j - 6 = 4. What is the units digit of s(g)?
6
Let o(g) = -2*g. Let j be o(-5). Suppose 2*h - 24 = -4*l, -2*l = -0*l - j. Suppose h*t - 16 = -4*p, 2*t - 1 = -2*p + 13. What is the units digit of t?
6
Let m = 23 - 0. What is the tens digit of m?
2
Let m = -2 - -9. Let u = m + 7. What is the tens digit of u?
1
Let h(n) = 8*n - 11. Let l be h(5). Let u = -26 + l. What is the units digit of u?
3
What is the tens digit of (-5 + 90)*(-2)/(-5)?
3
Let x = 49 + -22. What is the units digit of x?
7
Let k(v) = 19*v**2 - 10*v + 18. What is the hundreds digit of k(3)?
1
Suppose -509 = 5*x + 3616. What is the units digit of (-1)/4 + x/(-20)?
1
Let g be 10 - -1 - 4/2. What is the units digit of 4/6 + 111/g?
3
Suppose 10*p = 5*p + 920. What is the tens digit of p?
8
Let k(x) be the third derivative of 0*x - 7/6*x**3 + x**2 - 1/12*x**4 + 0. What is the units digit of k(-6)?
5
Let f(h) = 3*h + 5*h - 9*h - 2. What is the units digit of f(-11)?
9
Suppose -3*g + 31 + 299 = 0. Suppose 5*w = g + 45. What is the tens digit of w?
3
Let q(b) = -b**2 - 10*b - 4. Let z be q(-8). What is the units digit of (3/(-2))/((-9)/z)?
2
Let q(s) = 3*s**2 - 6*s + 1. Let y be q(5). Suppose -3*n + y + 20 = 0. What is the tens digit of n?
2
What is the units digit of (-16)/6*189/(-12)?
2
Suppose k = 3*l + 45, 4*k - l + 145 = 9*k. What is the units digit of k?
0
Let p = -25 + 35. Let t be 4/p + 3/5. What is the units digit of t - 2 - (-10)/1?
9
Let m = -25 + 33. What is the units digit of m?
8
Let j = -1 - -5. Suppose 4*t - 8 = -5*g, j*g + 2 + 8 = 5*t. What is the units digit of t?
2
Let o = 1 + 1. Suppose -3*z = -15, 5*j - o*z + 65 = -z. What is the units digit of (-30)/4*j/9?
0
Let x(k) = 3*k**3 + 11*k**2 + k - 4. Let a(v) = -10*v**3 - 34*v**2 - 2*v + 12. Let g(w) = 2*a(w) + 7*x(w). What is the tens digit of g(-8)?
3
Let x(f) = 3*f**2 - f + 2. Suppose 0 = -u - 0 + 1. Let p = -1 - u. What is the units digit of x(p)?
6
Suppose 2057 - 257 = 9*d. What is the units digit of d?
0
Let l(a) = a**2 + 11*a + 9. What is the units digit of l(-17)?
1
Let s be (-4)/16 + (-10)/(-8). Suppose 3*o = -s + 4. What is the units digit of o?
1
Suppose 0 = -11*v + 127 + 280. What is the tens digit of v?
3
Suppose 2*g = -1 - 13. Let c = -1 - g. What is the units digit of c?
6
Let x(f) = -f**2 - 10*f - 12. What is the units digit of x(-7)?
9
Let h(j) = 4 - j**2 + j**2 + j**2. Suppose -3 = -3*w - 3*s, w + 3*s - 4 = -1. What is the units digit of h(w)?
4
Let f = 142 - 89. Suppose -f = -3*d + 1. What is the tens digit of d?
1
Let i(n) = -20*n - 47. Let p(d) = -7*d - 16. Let h(z) = -6*i(z) + 17*p(z). What is the units digit of h(-7)?
3
Let t = 119 + -65. Let i = -1 + 5. Suppose i*k - t = 14. What is the units digit of k?
7
Let r(z) = -z**2 + z + 13. Let c be r(0). Let n = 3 - -5. What is the units digit of 24/c - n/(-52)?
2
Let d(l) = -l**2 - 4*l + 5. Let b be d(-4). Suppose 2*r - 5*c = 16, 0 = b*r - c + 4*c - 9. What is the units digit of r?
3
Let j(w) be the third derivative of w**5/60 - w**3/3 + w**2. Let z be j(3). Suppose -2*u = -9 - z. What is the units digit of u?
8
Suppose 56 = 5*d + 4*b, 6*b - 2*b + 28 = 2*d. Let g(s) = s**2 + 21*s + 26. Let c be g(-20). Let k = d - c. What is the units digit of k?
6
Let c(p) = -p**2 - 9*p - 4. Let q be c(-8). Suppose -9 = -q*r + 31. What is the units digit of r?
0
Let o = -2 + 1. What is the units digit of 1/(o/(-1)) + 10?
1
Let i(p) = p**3 - 14*p**2 + 5*p + 6. What is the tens digit of i(14)?
7
Let i(n) be the second derivative of -n**3/3 + 7*n**2/2 + 5*n. What is the tens digit of i(-6)?
1
Suppose -2*c + 0*c - s = -23, 5*s - 15 = 0. Let i = c - 5. What is the units digit of i?
5
Suppose 5*o = 5*c - 800, 4*o - 159 = -c + 6*o. What is the tens digit of c?
6
Let g(p) be the second derivative of 0 - 1/12*p**4 - 2*p + 3/2*p**2 + 2/3*p**3 - 1/10*p**5. What is the units digit of g(-2)?
7
Suppose -5*z + 218 = 18. What is the tens digit of z?
4
Let q(c) = -c**2 - 10*c - 3. Let k be 1 + -5 + 1 + -3. What is the tens digit of q(k)?
2
Suppose 0 = i - y - 4, -4*i = -0*y + 2*y + 2. Let d be (-24)/(-5) - i/(-5). Suppose -a - 16 = -d*a, 2 = -w + 2*a. What is the units digit of w?
6
Let w(r) = 2*r + 55. What is the units digit of w(-25)?
5
Suppose 5*u - 321 - 156 = -2*f, -94 = -u + f. Let z = 75 - 70. Suppose -z*x + 0*x + u = 0. What is the tens digit of x?
1
Suppose 132 = 9*q - 6*q. Suppose 0*d - q = -2*d. What is the tens digit of d?
2
Suppose 4*v - 10 = -q, 2*v - 2*q - 10 = -5*q. Suppose 0 = u - v - 23. What is the tens digit of u?
2
Suppose 0 = 9*z - 304 + 7. What is the units digit of z?
3
Let x be 1*(0 - (1 - 12)). Suppose p - q = x, 12 + 3 = 3*q. Suppose 0 = -2*k - w + p, -5 = -k + w - 3*w. What is the units digit of k?
9
Let y(f) = 20*f - 17. What is the units digit of y(5)?
3
Suppose -3*i - 60 = -u, u + 2*i - 4*i = 57. What is the tens digit of u?
5
Suppose -8 - 8 = -4*q. Suppose q*w = s + 8, -5*w - s + 19 = -0*w. Suppose 9 = p - 2*c - 9, -p = -w*c - 23. What is the units digit of p?
8
Let h(w) = -3*w + 1. Suppose 0 = -3*y, 2 = -4*o - y - 2. Let j be h(o). Suppose u + j*d = 3, 5*u - 77 = 2*u + 5*d. What is the units digit of u?
9
Let f(b) = b**2 - b + 1. Let h(w) = -3*w**2 + 6*w - 1. Let o(i) = 4*f(i) + h(i). Let x = -5 - -3. What is the units digit of o(x)?
3
Let j(w) = -12*w**2 - 11*w**2 + 11 - 4 + 5*w + 24*w**2. What is the units digit of j(-5)?
7
Suppose 5 = 8*f - 7*f. Let c(u) = u**2 - 3*u - 1. What is the units digit of c(f)?
9
Suppose 3 = s, -3*n + n + 2 = -2*s. Suppose i + i = n. Suppose -t - i = -8. What is the units digit of t?
6
Let k(c) = c + 4. Let q be k(-4). Let j = 6 - q. What is the units digit of j?
6
Let n = 7 + -5. Suppose 4*q + 2*w - 70 = 0, -n*q + 5*w + 5 = -0*q. What is the units digit of q?
5
What is the tens digit of (6/(-9))/(7/(7812/(-8)))?
9
Let t be ((-9)/(-6))/(1/2). What is the units digit of 5/((-30)/(-8))*t?
4
Let t(o) = o + 2. Suppose 5*g + 9 - 34 = 0. What is the units digit of t(g)?
7
Suppose 43*q = 47*q - 64. What is the units digit of q?
6
Let j = -47 - -29. Let s = 9 + j. Let q = 16 + s. What is the units digit of q?
7
Suppose -3*l = 4*w - 183, -w - w = 2*l - 124. Suppose -5*u - 3*j + 8*j + l = 0, -4*j = 8. What is the tens digit of u?
1
Let s = -3 + 8. Su